{"id":29,"date":"2018-11-27T08:55:16","date_gmt":"2018-11-27T07:55:16","guid":{"rendered":"https:\/\/www.rechtsanwalt-angel.de\/content\/?page_id=29"},"modified":"2019-05-17T18:02:09","modified_gmt":"2019-05-17T16:02:09","slug":"familienrecht","status":"publish","type":"page","link":"https:\/\/www.rechtsanwalt-angel.de\/content\/familienrecht\/","title":{"rendered":"Rechtsgebiete"},"content":{"rendered":"<p>Bei famili\u00e4ren Problemen, Erbstreitigkeiten oder der Sorge um die nahen Angeh\u00f6rigen bei einer notwendigen Betreuungssituation unterst\u00fctzt Sie Rechtsanwalt Peter Angel mit rechtlicher Beratung und praktischer Lebenserfahrung.<\/p>\n<p><strong>Schwerpunkte<\/strong><\/p>\n<ul>\n<li>Familienrecht &#8211; internationales Familienrecht &#8211; Scheidungen<\/li>\n<li><span class=\"iconText practiceAreaText\">Erbrecht &#8211; internationales Erbrecht\u00a0<\/span><\/li>\n<li><span class=\"iconText practiceAreaText\">Immobilien- und Grundbuchrecht<\/span><\/li>\n<li>Kindesunterhalt &#8211; Trennungsunterhalt &#8211; Ehegattenunterhalt<\/li>\n<li>Versorgungsausgleich-Berechnungen<\/li>\n<li>Elternunterhalt<\/li>\n<\/ul>\n","protected":false},"excerpt":{"rendered":"<p>Bei famili\u00e4ren Problemen, Erbstreitigkeiten oder der Sorge um die nahen Angeh\u00f6rigen bei einer notwendigen Betreuungssituation unterst\u00fctzt Sie Rechtsanwalt Peter Angel mit rechtlicher Beratung und praktischer Lebenserfahrung. Schwerpunkte Familienrecht &#8211; internationales Familienrecht &#8211; Scheidungen Erbrecht &#8211; internationales Erbrecht\u00a0 Immobilien- und Grundbuchrecht Kindesunterhalt &#8211; Trennungsunterhalt &#8211; Ehegattenunterhalt Versorgungsausgleich-Berechnungen Elternunterhalt<\/p>\n","protected":false},"author":1,"featured_media":0,"parent":0,"menu_order":0,"comment_status":"closed","ping_status":"closed","template":"","meta":[],"_links":{"self":[{"href":"https:\/\/www.rechtsanwalt-angel.de\/content\/wp-json\/wp\/v2\/pages\/29"}],"collection":[{"href":"https:\/\/www.rechtsanwalt-angel.de\/content\/wp-json\/wp\/v2\/pages"}],"about":[{"href":"https:\/\/www.rechtsanwalt-angel.de\/content\/wp-json\/wp\/v2\/types\/page"}],"author":[{"embeddable":true,"href":"https:\/\/www.rechtsanwalt-angel.de\/content\/wp-json\/wp\/v2\/users\/1"}],"replies":[{"embeddable":true,"href":"https:\/\/www.rechtsanwalt-angel.de\/content\/wp-json\/wp\/v2\/comments?post=29"}],"version-history":[{"count":11,"href":"https:\/\/www.rechtsanwalt-angel.de\/content\/wp-json\/wp\/v2\/pages\/29\/revisions"}],"predecessor-version":[{"id":130,"href":"https:\/\/www.rechtsanwalt-angel.de\/content\/wp-json\/wp\/v2\/pages\/29\/revisions\/130"}],"wp:attachment":[{"href":"https:\/\/www.rechtsanwalt-angel.de\/content\/wp-json\/wp\/v2\/media?parent=29"}],"curies":[{"name":"wp","href":"https:\/\/api.w.org\/{rel}","templated":true}]}}